lse
Is 1241623 composite?
True
Is 29026603 a prime number?
True
Is 48139909 prime?
True
Is 85192997 a prime number?
False
Is 480617539 composite?
True
Is 167477983 prime?
True
Is 7815013 a composite number?
False
Is 17641969 composite?
True
Is 567257807 prime?
True
Is 33220237 composite?
False
Is 8097697 a prime number?
True
Is 21746266 prime?
False
Is 1846781279 a composite number?
True
Is 776201 composite?
False
Is 2683319 prime?
True
Is 209794231 prime?
True
Is 1852859 prime?
True
Is 608550665 prime?
False
Is 55140359 a prime number?
True
Is 46079321 a composite number?
True
Is 179037223 prime?
True
Is 156055567 prime?
True
Is 7517117 composite?
False
Is 5524957 a prime number?
True
Is 369367157 composite?
False
Is 920026 prime?
False
Is 2059109 a composite number?
True
Is 84676117 prime?
True
Is 8287457 a composite number?
True
Is 501629 composite?
True
Is 54974363 a prime number?
False
Is 12095657 a composite number?
True
Is 27852419 a prime number?
False
Is 10750229 prime?
False
Is 190397098 composite?
True
Is 750520937 prime?
True
Is 27613031 prime?
True
Is 2588923 a prime number?
True
Is 2476273 prime?
True
Is 14211937 composite?
False
Is 284932763 composite?
True
Is 2166431 composite?
False
Is 11022313 a prime number?
False
Is 8586511 prime?
True
Is 601931917 prime?
False
Is 912337 a prime number?
True
Is 24014215 prime?
False
Is 30857963 composite?
True
Is 1512923 prime?
True
Is 1299689 prime?
True
Is 12678091 composite?
True
Is 49239391 prime?
True
Is 1585147 composite?
False
Is 429995 composite?
True
Is 412481 a prime number?
True
Is 115235293 a composite number?
False
Is 11440163 prime?
False
Is 1668299 a prime number?
True
Is 17683203 prime?
False
Is 11010497 prime?
False
Is 488603 a composite number?
False
Is 44064341 composite?
False
Is 625777 prime?
True
Is 85128269 composite?
False
Is 4590661 prime?
True
Is 1341241 prime?
False
Is 416428483 a prime number?
True
Is 1839787 a composite number?
False
Is 32523917 a composite number?
False
Is 480627659 a composite number?
False
Is 56292181 prime?
False
Is 224635039 a prime number?
True
Is 10862069 a prime number?
False
Is 1357969 a composite number?
False
Is 17542691 a prime number?
False
Is 996732067 a prime number?
False
Is 4796619 composite?
True
Is 293390381 a composite number?
True
Is 314410657 a prime number?
False
Is 209005 prime?
False
Is 4656227 a composite number?
False
Is 4316561 prime?
True
Is 2547913 composite?
False
Is 2231693 a composite number?
True
Is 2472781 prime?
True
Is 10661939 a composite number?
False
Is 62648801 a prime number?
False
Is 411932003 prime?
False
Is 52094927 composite?
True
Is 97709243 a prime number?
False
Is 1643942 a composite number?
True
Is 794702419 composite?
True
Is 15352243 prime?
True
Is 104812397 a prime number?
False
Is 3141589 prime?
False
Is 585187087 a prime number?
False
Is 55687939 a composite number?
False
Is 20417269 prime?
True
Is 443414 a prime number?
False
Is 331127 a composite number?
False
Is 40271197 prime?
False
Is 23764129 prime?
False
Is 5042707 a composite number?
False
Is 33586561 a composite number?
True
Is 114606341 a prime number?
True
Is 7300379 a composite number?
True
Is 3260109 composite?
True
Is 1963631 a prime number?
False
Is 52431451 composite?
True
Is 1798861 prime?
True
Is 3242503 a prime number?
False
Is 5037269 a prime number?
True
Is 15371921 a prime number?
True
Is 229360127 a composite number?
False
Is 132316039 a prime number?
True
Is 251144909 a composite number?
False
Is 160975033 prime?
False
Is 3281721 composite?
True
Is 9044917 prime?
False
Is 11822815 prime?
False
Is 7671893 a composite number?
False
Is 7374361 prime?
True
Is 3609014 prime?
False
Is 30384905 composite?
True
Is 2860967 prime?
False
Is 69857419 prime?
True
Is 1447417 prime?
False
Is 1767929 prime?
False
Is 66110783 prime?
False
Is 3239881 prime?
False
Is 3942209 prime?
True
Is 259840769 a composite number?
True
Is 10285153 a composite number?
True
Is 12334769 prime?
False
Is 22830449 a prime number?
True
Is 4658971 composite?
True
Is 4327517 a composite number?
True
Is 810473 a prime number?
True
Is 22267337 a composite number?
True
Is 4374059 prime?
True
Is 39439469 a composite number?
True
Is 1117577 a composite number?
True
Is 10831049 prime?
True
Is 768311 prime?
False
Is 4118194 a prime number?
False
Is 109489841 composite?
False
Is 815909641 a prime number?
False
Is 5984659 a prime number?
True
Is 61616743 composite?
True
Is 37457213 prime?
False
Is 83997611 a prime number?
False
Is 7781311 a composite number?
False
Is 415861 a composite number?
False
Is 10948291 composite?
False
Is 23018491 composite?
False
Is 34531223 prime?
False
Is 8275655 a prime number?
False
Is 72327497 prime?
False
Is 50532553 a prime number?
False
Is 233537 prime?
False
Is 8014453 a prime number?
True
Is 27245077 prime?
True
Is 1244987 a composite number?
False
Is 5898469 a composite number?
False
Is 138126239 a prime number?
False
Is 109166721 a composite number?
True
Is 11823971 prime?
True
Is 57029 composite?
True
Is 5415491 prime?
False
Is 12556543 a prime number?
True
Is 75135923 prime?
True
Is 61985369 a composite number?
False
Is 61627139 a composite number?
True
Is 2581021 prime?
False
Is 1583249 prime?
True
Is 1669427 a composite number?
False
Is 2586341 a composite number?
False
Is 710082803 a prime number?
True
Is 3749329 a composite number?
False
Is 7053265 a composite number?
True
Is 1833079 a prime number?
True
Is 63947053 prime?
True
Is 3475331 a composite number?
True
Is 472459879 prime?
True
Is 7757401 composite?
False
Is 2642987 prime?
True
Is 7857799 a prime number?
True
Is 55865977 a prime number?
False
Is 25141841 composite?
True
Is 108999691 a composite number?
True
Is 351797 prime?
True
Is 7788107 prime?
False
Is 92050809 a prime number?
False
Is 588702019 prime?
False
Is 419999183 a prime number?
True
Is 4109569 prime?
False
Is 3816103 a composite number?
False
Is 7586347 composite?
False
Is 141289 a composite number?
True
Is 3372143 a prime number?
False
Is 8310929 a composite number?
True
Is 2361199 a prime number?
True
Is 169158323 a prime number?
True
Is 7053871 a prime number?
False
Is 4396501 composite?
True
Is 1125263893 composite?
True
Is 6772937 a composite number?
False
Is 799921 a composite number?
False
Is 75741607 a prime number?
False
Is 2832061 a composite number?
True
Is 3067741 a composite number?
True
Is 72589873 a composite number?
False
Is 161721229 a composite number?
True
Is 87067153 a prime number?
True
Is 162018907 composite?
True
Is 14485223 a prime number?
True
Is 58065989 prime?
False
Is 34363607 prime?
True
Is 189809 a composite number?
True
Is 596399 composite?
False
Is 22283383 prime?
False
Is 44015059 a prime number?
False
Is 7309391 a prime number?
True
Is 3044269 a prime number?
True
Is 14819887 a prime number?
True
Is 1971902 a composite number?
True
Is 818281 composite?
False
Is 25746629 a composite number?
False
Is 23827714 composite?
True
Is 88816033 a prime number?
False
Is 27850717 prime?
False
Is 160903 composite?
False
Is 29230541 composite?
False
Is 61001 a composite number?
False
Is 2512801 composite?
False
Is 14334983 prime?
False
Is 37818611 composite?
True
Is 2608549 composite?
False
Is 284096521 a prime number?
True
Is 58619459 prime?
True
Is 205000517 composite?
False
Is 16429447 composite?
False
Is 1882141 a composite number?
False
Is 26412767 composite?
False
Is 3786919 composite?
False
Is 122305873 a prime number?
False
Is 1534943 prime?
False
Is 1134661037 prime?
False
Is 5247577 composite?
True
Is 1470971 composite?
False
Is 18820119 composite?
True
Is 1647935 a composite number?
True
Is 2893097 a prime number?
True
Is 185316019 a prime number?
False
Is 60210377 composite?
False
Is 16063009 a prime number?
True
Is 8094997 composite?
False
Is 824017 composite?
False
Is 7502377 prime?
True
Is 136659 composite?
True
Is 75869137 a prime number?
True
Is 13877971 a prime number?
True
Is 494351399 composite?
True
Is 369082319 a composite number?
True
Is 24225139 a composite number?
False
Is 733595 a composite number?
True
Is 116897 prime?
False
Is 2653999 prime?
True
Is 10534697 composite?
False
Is 117117613 prime?
True
Is 37062043 a composite number?
True
Is 185149127